863 is divided by 114.
65
What is the remainder when 201200 is divided by 143?
142
Calculate the remainder when 66015 is divided by 846.
27
What is the remainder when 660818 is divided by 167?
166
Calculate the remainder when 101671 is divided by 184.
103
Calculate the remainder when 6275 is divided by 73.
70
What is the remainder when 10436 is divided by 10411?
25
Calculate the remainder when 3012 is divided by 113.
74
What is the remainder when 128003 is divided by 5?
3
Calculate the remainder when 8125 is divided by 2025.
25
What is the remainder when 105833 is divided by 4601?
10
Calculate the remainder when 66101 is divided by 59.
21
Calculate the remainder when 129727 is divided by 403.
364
What is the remainder when 297594 is divided by 19?
16
Calculate the remainder when 24192 is divided by 23.
19
What is the remainder when 1038 is divided by 73?
16
Calculate the remainder when 11675 is divided by 11662.
13
Calculate the remainder when 53792 is divided by 13437.
44
What is the remainder when 3662 is divided by 88?
54
What is the remainder when 15802 is divided by 97?
88
Calculate the remainder when 4827 is divided by 1006.
803
Calculate the remainder when 832 is divided by 244.
100
What is the remainder when 22389 is divided by 814?
411
What is the remainder when 591325 is divided by 8?
5
What is the remainder when 6520 is divided by 242?
228
Calculate the remainder when 35555 is divided by 207.
158
What is the remainder when 11018 is divided by 10994?
24
What is the remainder when 382465 is divided by 114?
109
Calculate the remainder when 2821 is divided by 893.
142
What is the remainder when 4257 is divided by 900?
657
Calculate the remainder when 422337 is divided by 22.
3
Calculate the remainder when 1482 is divided by 126.
96
Calculate the remainder when 410753 is divided by 54.
29
What is the remainder when 1180 is divided by 492?
196
What is the remainder when 39824 is divided by 11?
4
What is the remainder when 1198 is divided by 1173?
25
Calculate the remainder when 41257 is divided by 509.
28
What is the remainder when 4222 is divided by 402?
202
What is the remainder when 65651 is divided by 21787?
290
Calculate the remainder when 19758 is divided by 241.
237
Calculate the remainder when 1449 is divided by 114.
81
Calculate the remainder when 25763 is divided by 1184.
899
What is the remainder when 119459 is divided by 10?
9
What is the remainder when 29235 is divided by 542?
509
What is the remainder when 364 is divided by 41?
36
What is the remainder when 123625 is divided by 623?
271
What is the remainder when 2219 is divided by 13?
9
What is the remainder when 160240 is divided by 59?
55
What is the remainder when 331666 is divided by 1002?
4
What is the remainder when 1790 is divided by 121?
96
What is the remainder when 1266 is divided by 336?
258
Calculate the remainder when 9376 is divided by 4688.
0
Calculate the remainder when 559485 is divided by 39.
30
Calculate the remainder when 3539 is divided by 393.
2
Calculate the remainder when 10691 is divided by 560.
51
Calculate the remainder when 13097 is divided by 37.
36
Calculate the remainder when 4032 is divided by 16.
0
What is the remainder when 928 is divided by 62?
60
What is the remainder when 960 is divided by 142?
108
Calculate the remainder when 68066 is divided by 415.
6
What is the remainder when 1838505 is divided by 397?
395
Calculate the remainder when 280754 is divided by 25522.
12
Calculate the remainder when 21855 is divided by 332.
275
What is the remainder when 6451 is divided by 308?
291
What is the remainder when 29171 is divided by 1042?
1037
What is the remainder when 224 is divided by 10?
4
What is the remainder when 13827 is divided by 24?
3
Calculate the remainder when 2233 is divided by 930.
373
What is the remainder when 2576 is divided by 1251?
74
What is the remainder when 18530132 is divided by 98?
96
What is the remainder when 12386 is divided by 1036?
990
What is the remainder when 396049 is divided by 894?
7
What is the remainder when 9877 is divided by 1137?
781
Calculate the remainder when 27170 is divided by 13578.
14
What is the remainder when 12034 is divided by 12?
10
What is the remainder when 1873 is divided by 81?
10
What is the remainder when 5541 is divided by 696?
669
What is the remainder when 377319 is divided by 5?
4
Calculate the remainder when 1394 is divided by 487.
420
Calculate the remainder when 905300 is divided by 291.
290
Calculate the remainder when 10613 is divided by 5301.
11
Calculate the remainder when 108819 is divided by 3627.
9
Calculate the remainder when 55505 is divided by 199.
183
What is the remainder when 7046199 is divided by 490?
489
Calculate the remainder when 6510 is divided by 927.
21
Calculate the remainder when 437793 is divided by 449.
18
What is the remainder when 5404 is divided by 415?
9
What is the remainder when 80880 is divided by 11?
8
What is the remainder when 114796 is divided by 965?
926
Calculate the remainder when 9543 is divided by 1568.
135
What is the remainder when 1140970 is divided by 28?
26
Calculate the remainder when 3618 is divided by 35.
13
Calculate the remainder when 53695 is divided by 167.
88
Calculate the remainder when 18918 is divided by 33.
9
What is the remainder when 104016 is divided by 324?
12
What is the remainder when 630741 is divided by 328?
325
Calculate the remainder when 871 is divided by 167.
36
Calculate the remainder when 11634 is divided by 59.
11
Calculate the remainder when 2957 is divided by 156.
149
Calculate the remainder when 35701 is divided by 49.
29
Calculate the remainder when 177550 is divided by 274.
272
Calculate the remainder when 1750839 is divided by 26.
25
Calculate the remainder when 348305 is divided by 58047.
23
What is the remainder when 25579 is divided by 12?
7
What is the remainder when 364 is divided by 66?
34
What is the remainder when 9318 is divided by 498?
354
Calculate the remainder when 223 is divided by 9.
7
Calculate the remainder when 1352110 is divided by 461.
458
What is the remainder when 3965 is divided by 144?
77
Calculate the remainder when 10556 is divided by 44.
40
What is the remainder when 27202 is divided by 26?
6
Calculate the remainder when 12361 is divided by 1764.
13
Calculate the remainder when 2804 is divided by 2454.
350
What is the remainder when 1576 is divided by 156?
16
Calculate the remainder when 21170 is divided by 7042.
44
What is the remainder when 24114 is divided by 11?
2
What is the remainder when 14982 is divided by 7489?
4
Calculate the remainder when 78474 is divided by 15.
9
What is the remainder when 173582 is divided by 9?
8
Calculate the remainder when 730 is divided by 186.
172
Calculate the remainder when 25695357 is divided by 16.
13
Calculate the remainder when 7957 is divided by 873.
100
What is the remainder when 13434 is divided by 39?
18
What is the remainder when 41021 is divided by 20509?
3
What is the remainder when 212468 is divided by 878?
870
What is the remainder when 2901335 is divided by 63?
59
Calculate the remainder when 1045792 is divided by 21.
13
Calculate the remainder when 21760 is divided by 117.
115
What is the remainder when 89291 is divided by 652?
619
What is the remainder when 46082 is divided by 17?
12
What is the remainder when 1213790 is divided by 626?
602
Calculate the remainder when 10885 is divided by 214.
185
Calculate the remainder when 11647 is divided by 1664.
1663
Calculate the remainder when 11671 is divided by 3.
1
Calculate the remainder when 1879 is divided by 159.
130
Calculate the remainder when 8584 is divided by 398.
226
What is the remainder when 2510 is divided by 630?
620
Calculate the remainder when 1026 is divided by 14.
4
What is the remainder when 33752 is divided by 11226?
74
Calculate the remainder when 57543 is divided by 9.
6
Calculate the remainder when 29483 is divided by 14.
13
What is the remainder when 12225 is divided by 175?
150
Calculate the remainder when 3889 is divided by 1797.
295
Calculate the remainder when 245 is divided by 238.
7
Calculate the remainder when 11145 is divided by 48.
9
Calculate the remainder when 34936 is divided by 217.
216
Calculate the remainder when 3852 is divided by 9